ppose 14*f - 616 = 1274. What is the tens digit of f?
3
Let m = 111 - 35. What is the units digit of m?
6
Let h be (-6)/(-3) - 1 - -1. Let n be 20/6 - h/6. Suppose -x = n - 4. What is the units digit of x?
1
Let p be 3/(-1) - -14 - -2. Let o = p + -1. What is the tens digit of o?
1
Let k(i) = i + 2. Let y be k(-4). Let v = 3 - y. Suppose -5*t = 2*b + 10, 30 = 2*b - v*t - 0*t. What is the units digit of b?
5
Suppose 225 = 6*l - 3*l. What is the units digit of l?
5
Suppose -553 = -5*y - 4*b, 2*b = -2*y - 3*b + 228. What is the tens digit of y?
0
Suppose 5*h = -9 + 64. Let c = 18 + h. What is the tens digit of c?
2
Let j(h) = h**2 + 23. Let d be j(0). What is the units digit of d/1 - (8 - 6)?
1
Suppose -3*b + 8*b - 4*y = 85, 5*b + 3*y = 85. Let a = -37 + b. Let x = 29 + a. What is the units digit of x?
9
Let l = 3 - 4. Let r be (-33 + l)*(-4)/8. Let n = r - 12. What is the units digit of n?
5
Let r be (0 - -2) + 0 - -1. Let h be (-1)/(-3) - (-20)/r. Suppose f - t - h = 2*t, f + 5 = -3*t. What is the units digit of f?
1
Let x(g) = 10*g - 5. Let d be x(6). Suppose 3*a - a = -2*r + 38, 5*r = 5*a + d. What is the units digit of r?
5
Suppose t - 3 = -2*t + q, -4*t = 4*q + 12. Suppose -4*n + 2*n + 6 = t. Suppose 2*k - n*f + 4 = -4, 3*k - 26 = -5*f. What is the units digit of k?
2
Let s(y) be the first derivative of -y**4/4 + y**3/3 + 4*y + 1. Let i be s(0). Suppose 0 = a - i, 6*j + 4*a = 3*j + 25. What is the units digit of j?
3
Suppose 0 = 4*m + 9 - 21. Suppose 5*x + s = 3*s + 91, 0 = m*x + 2*s - 45. What is the tens digit of x?
1
Suppose 5*i - 25 = 2*w, i + 14 = 4*i - w. Suppose -d - 3*u + 23 = 0, -2*u + 4*u = i*d - 36. What is the units digit of d?
4
Let j = 215 - -3. What is the tens digit of j?
1
Let v = 165 - 127. What is the tens digit of v?
3
Let m = -18 - -13. Let w = m - -1. What is the units digit of (-14)/w - 3/(-6)?
4
Suppose -5*h + 236 = 91. What is the tens digit of h?
2
What is the units digit of (0 - (-4 - 37)) + 2?
3
Suppose 3*w - 63 = -9. What is the tens digit of w?
1
Suppose 4*c - c = 54. Suppose -c + 105 = 3*q. What is the units digit of q?
9
Suppose 0 = -4*s + 2*s - 2. Let v = 21 - s. What is the tens digit of v?
2
Let k(r) be the second derivative of 2*r**2 + 0 - 1/12*r**4 + r + 7/6*r**3. What is the units digit of k(7)?
4
Let f be (10/(-6))/(3/54). Suppose 4*o = 2*h + 7*o + 45, -4*h + 3*o - 81 = 0. Let a = h - f. What is the units digit of a?
9
Let h(k) = -k**2 + 5*k - 2. Suppose 3*x - m + 3 = 5, 3*m - 10 = x. Let o be h(x). Suppose -o*i + 3 = -17. What is the units digit of i?
5
Let p = 40 + -21. Suppose 4*m + 4*c - 36 = 0, 0 = -m + 2*c + p + 2. What is the tens digit of m?
1
Let x(i) be the first derivative of i**4/4 - 4*i**3 + 2*i - 2. Let t be x(12). Suppose -l - t = r + 1, r = -3*l - 11. What is the units digit of r?
1
Let u be 1*(1 + -2 + 1). Let t be (2 + 2)/(2 - u). Suppose t*o = -2*o + 72. What is the units digit of o?
8
Let w(g) be the third derivative of g**5/120 - g**4/4 + g**3/3 - 2*g**2. Let r(x) be the first derivative of w(x). What is the units digit of r(8)?
2
Let n = -18 - -20. Suppose 7*y - 40 = n*y. What is the units digit of y?
8
Suppose 5*d + 6 = 2*j, 9 = 3*j - 2*d - d. Suppose 0 = 3*u - 4*v + 44, -u + j*u = -3*v - 1. Let b(i) = i + 10. What is the units digit of b(u)?
2
What is the tens digit of 4/(-6)*918/(-12)?
5
Let w = -2 + 1. Let g(h) = 56*h**2 - 1. Let x be g(w). Suppose 6*u - x = u. What is the units digit of u?
1
Let t(u) = -u**2 - 6*u. Let j be t(-5). Suppose 3*p - 31 = j*r - 4*r, -p + 3*r - 3 = 0. What is the units digit of p?
2
Let d(c) be the third derivative of 3*c**5/10 + c**4/24 - c**3/6 + c**2. Let t be (3/9)/((-4)/(-12)). What is the units digit of d(t)?
8
Suppose -5*a - 10 = -3*a, 0 = -3*h - 3*a + 36. What is the units digit of h?
7
Suppose 80 = -8*k + 12*k. What is the units digit of k?
0
Let p = 22 + -14. Let g(l) be the third derivative of l**6/120 - 2*l**5/15 + l**4/24 - 7*l**3/6 - 2*l**2. What is the units digit of g(p)?
1
Suppose b + 63 = 3*q + 4*b, -b = -q + 29. Let s = 16 + -16. Suppose -4*f + q + 43 = 5*d, 2*d + f - 29 = s. What is the units digit of d?
6
Suppose d = -3*d - 20. Let i = 4 - d. What is the units digit of i?
9
Let l = -14 - -12. What is the units digit of 1*19/l*-4?
8
What is the units digit of 1904/12 + (-2)/(-12)*2?
9
Let f(s) = s**3 + 4*s**2 - s - 3. Let i be f(-4). What is the units digit of (-2 + 1)*(-1)/i?
1
What is the units digit of 12/12*(5 - 0)?
5
Let m = 116 + -111. What is the units digit of m?
5
Let d be (-4)/18 - 796/(-18). Let f = -26 + d. What is the tens digit of f?
1
Suppose d = -4*n + 316, -3*n + 4*d = -8*n + 384. What is the tens digit of n?
8
Let g(o) = 7*o**2 + 17*o + 6. What is the tens digit of g(-4)?
5
Suppose -5 = -5*k + a + a, -k - 5*a = 26. Let j be 5*(3 + k) + 0. What is the units digit of (-2)/1 + (j - 3)?
5
Let s(u) = -u**3 - 4*u**2 - 9*u + 5. What is the units digit of s(-5)?
5
Suppose 0 = -3*x - 2 + 17. Suppose x*y = -2*t + 24, -2*y + 0*t = 2*t - 12. Suppose 2*z - w + 4 = 2*w, w = y. What is the units digit of z?
4
Let f(k) = -k - 4. Let i be f(-7). Suppose -4*u - i*l = -8, 3*l + 0 = -3*u + 6. What is the units digit of u?
2
Let u be (2 + (-5)/(-10))*(-4)/(-2). Let r be (-1 - 0)/((-2)/4). Suppose -s = -r*s + u. What is the units digit of s?
5
Let s(p) = 12*p**2 + 2*p - 1. Suppose c + 3 + 0 = 4*f, -5*f + 9 = 4*c. Let j be s(c). What is the units digit of j/2 + 2/(-4)?
6
Suppose 0*b - 5*b + 15 = 0. Let q = b - 5. What is the units digit of (q/(-6))/(4/24)?
2
Suppose 3*j + 573 = 1716. What is the units digit of j?
1
Suppose 4*x - x = 6. Suppose 7*f - 50 = x*f. Suppose 4*w - 2 - f = 0. What is the units digit of w?
3
Let t be 9*10/12*2. Let p = t + -5. What is the units digit of p?
0
Suppose 9*z - 210 = 222. What is the tens digit of z?
4
Suppose 0 = -3*f + 496 - 19. What is the hundreds digit of f?
1
Let g = 105 + -71. Suppose 5*z - 27 = -4*j, j - 6*z + z + 12 = 0. Suppose -g = -j*k + 14. What is the tens digit of k?
1
Let l(o) = 10*o**2 + o + 1. Suppose -p - 2 = -2*p. Suppose -q = p*q + 3. What is the units digit of l(q)?
0
Let w = 15 + 11. Let y = w - 13. What is the units digit of y?
3
Let l(n) = -2*n**2 + 8*n + 5. Let r be l(9). Let h = 119 + r. What is the tens digit of h?
3
Let f be (-21)/35 - 48/(-5). Let d = f + 1. Suppose 0 = u - 12 - d. What is the units digit of u?
2
Let b(x) = -4*x - 3. Let k be 4/6*9/(-3). Let f = -4 - k. What is the units digit of b(f)?
5
Suppose -2*g = g - 336. Suppose 0 = -4*j - 3*u + g, -3*u + u + 84 = 3*j. What is the tens digit of j?
2
Suppose m - 21 + 81 = 3*n, 4*n - 78 = 2*m. What is the tens digit of n?
2
What is the units digit of (-4 - -3)/(3/(-33))?
1
Let q(n) = -n**2 - 5*n. Let t be q(-4). Suppose -v + 5 = -3*c, 0 = -v - t*c - 1 - 1. Suppose 3*g = v*g + 8. What is the units digit of g?
8
Suppose z - 50 = -3*z + 2*i, 3*z = 5*i + 20. What is the tens digit of z?
1
Suppose q - 2 = -0. Suppose 0 = n - 22 + q. What is the units digit of n?
0
Suppose 8*p = 4*p + 708. What is the tens digit of p?
7
Let g = 15 - 13. Suppose -g*c + c + 26 = 0. What is the tens digit of c?
2
Suppose 0 = -2*s + k - 16, 5*k + 0 = -4*s - 4. Let v(t) = t**3 + 8*t**2 + 8*t - 3. What is the units digit of v(s)?
1
Suppose -2*n = -0*n. Suppose n*a = 5*a - 135. What is the tens digit of a?
2
Suppose -3*p = 2*h - 3*h - 11, h + 1 = p. What is the units digit of h?
4
Let q(f) = f + 15. Let w be q(-9). Let x(o) = -3 + 0 + o**2 + 8*o - 2*o**2. What is the units digit of x(w)?
9
Let s = 27 - 4. What is the tens digit of s?
2
Let w = -6 + 77. What is the tens digit of w?
7
Let f = 23 + -3. Suppose -6*l = -10*l + f. Suppose -x = -l*x + 4. What is the units digit of x?
1
Let q be (-23)/3 + 4/(-12). Let o = q + 25. What is the tens digit of o?
1
Suppose -2*l = 5*d - 0*d - 57, 3*d + 1 = l. What is the tens digit of l?
1
Let n be (5 + -7 + 6)*(-18)/8. Let u(l) = -l**2 + 2 - 11*l - 2. What is the units digit of u(n)?
8
Let k(a) = 2*a + 1 + 3 - 3 - a. What is the units digit of k(5)?
6
Suppose 3*h + 10 = 4*a, -3*a + 2 = 3*h - 16. Suppose -2*y + a + 4 = 0. What is the units digit of y?
4
Let h = 34 - 20. What is the units digit of h?
4
Let x(w) be the third derivative of -w**6/120 + w**5/10 - w**4/8 - w**3/3 + 4*w**2. What is the units di